(s) = 2*f(s) - 5*m(s). Give l(6).
-9
Let h be (-6)/51 + 1512/714. Suppose -h*u - 64 = -52. Let i(x) = -x**3 - 7*x**2 - 7*x - 8. Determine i(u).
-2
Let u(m) = 20*m + 141. Suppose 3*c - 29 = 2*h, 9 = -2*c + 5*c. What is u(h)?
-59
Suppose 12*k + 3 + 160 = -5. Let o(w) = 5*w + 81. Calculate o(k).
11
Let r(h) = h**2 + 8*h + 6. Let b be 20/2*74/185. Suppose -2*z - l + 23 = -5*z, -3*z + b*l - 29 = 0. Determine r(z).
-1
Let f(t) = t**3 - 11*t**2 + 4*t - 2. Let w be 56/(-24) - (-37)/3. Determine f(w).
-62
Let b(n) be the third derivative of n**6/720 - n**5/12 - 19*n**4/8 - 4*n**2 - 19. Let f(x) be the second derivative of b(x). What is f(7)?
-3
Suppose 2*h + 3*y - 12 = 74, -152 = -4*h + 4*y. Let k = -38 + h. Let z(v) = -16 + v**2 + 2*v + 11 - k*v**2 + 7. What is z(-3)?
-13
Suppose -2*b - 69 + 63 = 0. Let s(j) = -2*j**2 - 6*j + 2. Calculate s(b).
2
Let y(q) be the first derivative of q**2/2 - 5*q + 51. What is y(0)?
-5
Let g(u) = 8 + 17 + 0*u + 5*u - 14 - 3*u. Let c be ((-183)/122)/(6/28). Give g(c).
-3
Let z(j) = j**3 + 6*j**2 + 4. Suppose -4*x + 16 = -20. Let o(w) = w - 4. Let l be o(x). Suppose -12 = 3*c + l*i + 16, 3*c + 4*i + 26 = 0. Determine z(c).
4
Let b(u) = 24*u**2 - 53. Let k be ((-1)/(-3) + 0)/((-7)/231). Let l(y) = -13*y**2 + 27. Let d(c) = k*l(c) - 6*b(c). Determine d(0).
21
Let y = -43 + 40. Let s(f) be the second derivative of -f**3/3 - 5*f**2/2 - 3*f + 17. What is s(y)?
1
Suppose 5*g - 5*o + 50 = 0, -122*g + 121*g + 3*o = 0. Suppose 2*z - 6 = -5*l + 3, 4*l = z + 2. Let d be g/z*4/5. Let v(h) = -h - 7. Give v(d).
-1
Let z be (63/12)/((-294)/(-784)). Let k(t) = -t**2 + 13*t + 9. Give k(z).
-5
Let x(f) = 23*f + 11. Suppose -36 = -4*c - 4*w, 5*c + 3*w + 9 = 8*c. Determine x(c).
149
Let h(v) = 349*v + 346*v - 697*v - 12. Let k = 280 - 290. Calculate h(k).
8
Suppose -39*g + 38*g = 13. Let i(z) be the first derivative of z**3/3 + 13*z**2/2 + 6*z - 1210. Calculate i(g).
6
Let z(s) = 2*s**2 + 4*s - 7. Let q(k) = 6*k**2 + 13*k - 23. Let h(x) = -2*q(x) + 7*z(x). What is h(3)?
21
Let t(l) be the third derivative of l**6/120 + l**5/20 - l**4/6 + 4*l**3/3 + 42*l**2. Let s be t(4). Let v(d) = -193*d + 96*d + s*d - 1. What is v(-1)?
-8
Let x(m) be the third derivative of -m**4/6 - m**3/2 + 2*m**2 - m - 309. Give x(0).
-3
Let o(q) = q**3 - q**2 - 1. Let l(a) = 7*a**2 + 8*a - 10. Let b(d) = -l(d) + 2*o(d). Calculate b(5).
-7
Let g(y) = 9*y**2 - 2380*y + 4 + 2391*y - 5*y**2. Calculate g(-3).
7
Let u(p) be the second derivative of -p**5/20 + 5*p**4/4 + 17*p**3/6 + 22*p**2 + 844*p. Give u(16).
60
Let b(d) be the second derivative of d**4/2 + 5*d**3/6 + d**2 + 4*d + 2285. Determine b(-3).
41
Let a(u) be the third derivative of -1/4*u**4 - 1/3*u**3 + 0*u + 1/60*u**5 + 14*u**2 + 0. What is a(5)?
-7
Let m(k) = 8*k**3 - 18*k**2 + 4*k + 27. Let u(p) = 3*p**3 - 9*p**2 + p + 13. Let t(b) = -2*m(b) + 5*u(b). Determine t(-8).
-29
Let u(c) = c - 44. Let i be (-2816)/10 + (-75)/(-125). Let k = 281 + i. Calculate u(k).
-44
Let y(i) = i**3 + 14*i**2 - 27*i - 180. Let j(q) = 438*q + 11373. Let t be j(-26). What is y(t)?
0
Let f(l) = -4*l**3 + l**2 - 2*l + 1. Let d = -133 - -136. Suppose 1 = i + 2*s, 0*s = d*i - s - 3. Determine f(i).
-4
Let m(v) = 526*v - 7893. Let j be m(15). Let f(t) = -3*t**3 - 7*t**2 + 10*t + 8. What is f(j)?
-4
Let p(z) = 15*z - 81. Let o be 6 + (-4)/(-5 - -1). What is p(o)?
24
Suppose 7*t - t = -36. Let y be t/(-21)*(1 - (-26)/2). Let u(q) = q**2 - 2*q - 5. Calculate u(y).
3
Let u(t) be the first derivative of -t**2/2 + 42*t + 5433. What is u(21)?
21
Suppose 0 = 3*d - 14 - 13. Let c(z) = z**3 + 41*z**2 - 37*z + 214. Let k be c(-42). Let v(p) = -5*p + 2*p**2 + k - d*p**2 + 8*p**2. What is v(7)?
18
Let l be (-189)/28 - (-7)/4. Let v(b) be the first derivative of 1/2*b**2 + 0*b - 1. Determine v(l).
-5
Let z(r) be the second derivative of -r**3/2 + r**2 + r. Let v(h) = -2*h**2 - 12*h + 38 + 3*h**2 + 11 - 24. Let w be v(3). What is z(w)?
8
Let y(i) = i**3 + 12*i**2 - 3*i - 35. Suppose 2*q + 7*q = 4*q - 60. What is y(q)?
1
Let b(z) be the third derivative of -7*z**4/24 + 31*z**3/3 - 672*z**2. Determine b(9).
-1
Let b = -5042 - -5045. Let j(c) be the third derivative of 0 - 1/6*c**b + 0*c - 1/120*c**6 + 1/12*c**4 + 21*c**2 - 1/30*c**5. Determine j(-3).
2
Let i = -37 - -17. Let x be (-2 + (-6)/(-9))/(i/(-30)). Let z(j) = 2*j + 2. Let p(r) = -1. Let c(w) = x*p(w) + z(w). What is c(-8)?
-12
Let v(n) be the third derivative of n**6/120 - n**5/30 - n**4/6 + n**3 + 445*n**2. What is v(3)?
3
Let t(r) = r + 19. Let s be t(-13). Let o be (s/(-6))/((-53)/13 - -4). Let g(m) = m**3 - 12*m**2 - 15*m + 17. Calculate g(o).
-9
Let j(m) be the second derivative of m**6/360 - 7*m**5/120 - m**4/3 - 11*m**3 + m**2/2 + 88*m. Let t(f) be the second derivative of j(f). Determine t(6).
-14
Let n(d) = -5 + 86*d - 179*d + 94*d - 5 - 1 - 4*d**2. Calculate n(-4).
-79
Suppose 0 = -a + 12*a - 77. Let h(d) = a*d**2 + 8*d**2 + 1 - 22*d**2 - 2*d - d**3 + 3*d. What is h(-7)?
-6
Suppose g + 20 - 6 = 4*s, 0 = 2*s - g - 6. Let o(z) = -2 - s*z**3 - 9*z**3 + 0*z**3 + z + 3*z**2 + 11*z**3. Determine o(2).
-4
Let k(i) = -9 + 25 + 9*i**2 + 4 - 14 + 59*i. Determine k(-6).
-24
Let s(i) = -i**3 + 2*i**2 - 1. Let u be (8/(-5))/(11/(-5) + 2). Let w = 9 - u. Let t be s(w). Let l(o) = o - 11. Give l(t).
-11
Let z(k) = -9*k + 17 + 19 + 10*k + 8 - 44. Let q = 10 - 5. Suppose -q*u + 41 = 16. Give z(u).
5
Let c(y) be the second derivative of -y**6/120 - y**5/10 + y**4/12 + 7*y**3/6 - 35*y**2 - 184*y. Let s(h) be the first derivative of c(h). What is s(-6)?
-5
Let h(n) = -n**2 + 18*n - 60. Let w be (-8260)/2655*(-9)/2. Give h(w).
-4
Let r(a) = -23*a - 19. Let q(w) = 11*w + 9. Let y(h) = 13*q(h) + 6*r(h). Let z = -56 - 300. Let v = -358 - z. Calculate y(v).
-7
Let z(a) = a + 1. Suppose 6*j - 31 = -1. Let p(g) = g**3 - 5*g**2 - 2*g + 13. Let h be p(j). Calculate z(h).
4
Let c(x) be the third derivative of x**5/15 - x**4 + 412*x**2. Give c(6).
0
Let a(j) be the third derivative of 1/24*j**4 + 1/6*j**3 + 0*j - 12*j**2 + 0. Let l(n) = -n**2 - 4*n - 4. Let w(p) = -4*a(p) + l(p). Determine w(-6).
4
Let g(k) = -27*k**2 - 36*k**2 - 36*k**2 + 107*k**2 - k**3 - 2. Let m = 0 - -8. Calculate g(m).
-2
Let p(f) be the third derivative of -f**5/60 - f**3 + 4*f**2 - 339*f. What is p(4)?
-22
Suppose s - 5 = -4*s + 2*i, 5*s - 5 = -2*i. Let v(m) = 5*m**3 + 2*m**2 - m - 1. Give v(s).
5
Let x = -4 - -24. Let p be 208/x + (-12)/30. Let z(a) = a**2 - 10*a. Give z(p).
0
Let f(q) = 379 + 459 - 844 + 10*q - 3*q**2 + 10*q**2. Determine f(1).
11
Let f(h) = 49*h + 148. Let o be f(-3). Let p(i) = 1 - 5 - o + 2 - 7 - i. Determine p(0).
-10
Let n(q) = q**3 - 8*q**2 + 2*q - 10. Suppose b = 7*b + 822. Let x = -98 - b. Let l = -31 + x. Determine n(l).
6
Suppose -27*k + 182 = -13*k. Let r(s) = -28*s + 1 + k*s + 14*s. Give r(6).
-5
Let t = -9 + -4. Let r(l) = 19 - 3*l - l - 8*l - l**2. Determine r(t).
6
Let c(i) = -65*i + 19 - 13*i**2 + 79*i + 23 - 55 - i**3. What is c(-14)?
-13
Let m(c) be the second derivative of c**4/12 + 4*c**3/3 + 29*c**2/2 - c - 1734. Give m(-9).
38
Let f be 2/(-6) + (-7)/(-3). Let z = -33 + 35. Let t(c) = 3*c**z + 1 - 4*c**f + 0*c + 0*c + 3*c. What is t(4)?
-3
Let d(h) = 37*h**2 - 46*h - 126. Let l(z) = 20*z**2 - 23*z - 66. Let m(s) = 6*d(s) - 11*l(s). Calculate m(13).
9
Let n(c) be the third derivative of c**4/24 + c**3/6 - 14*c**2 - c. Let z be (-12)/8*((-20)/6 + 2). Suppose -4*i - 34 = -5*k, 0 = z*k + k + 5*i - 13. Give n(k).
7
Let b(d) = 6*d**2 - d**2 + 3*d - 3*d**2. Let x(w) = 18*w - 14. Let m be x(-3). Let o = -71 - m. Give b(o).
9
Let q(l) = -4*l**2 + 5*l - 136 + 266 - 132 + 3*l**2. Determine q(-4).
-38
Let j(z) = -423*z - 45. Let t(s) = -492*s - 46. Let x(i) = 7*j(i) - 6*t(i). What is x(-6)?
15
Let d(r) = -r**3 + 13*r**2 + 5*r - 22. Suppose -29 = -2*m - 3. Give d(m).
43
Suppose 2*f - 47 = 3*t - 49, 0 = -5*f - 4*t - 51. Let q(r) = 2*r**2 + 44*r + 208. What is q(f)?
-2
Let b(u) = -2*u - 4. Let m = -796 + 415. Let y = -388 - m. What is b(y)?
10
Let n(v) = -37 - 19*v**2 - 2*v + 124 - 38 - 48 - v. Determine n(-2).
-69
Let x(m) = 5*m**3 + m + 1. Let u(b) = -5*b + 70. Let r be u(11). Suppose 0 = 33*s + 18 + r. Give x(s).
-5
Let j(k) = -120*k + 1. Let r(x) = -124*x + 2. Let w(q) = 5*j(q) - 4*r(q). Give w(1).
-107
Let 